 6 a factor of 11010816?
True
Is 17 a factor of 5885366?
True
Is 23267 a multiple of 3?
False
Is 203816 a multiple of 292?
True
Is 3310740 a multiple of 148?
False
Is 45704 a multiple of 4?
True
Is 1830336 a multiple of 16?
True
Is 1315405 a multiple of 767?
True
Is 403 a factor of 483941?
False
Is 150042 a multiple of 253?
False
Is 673948 a multiple of 583?
True
Is 1518789 a multiple of 12?
False
Is 307 a factor of 69838?
False
Is 100216 a multiple of 636?
False
Does 90 divide 960681?
False
Does 43 divide 15974723?
False
Is 120960 a multiple of 108?
True
Is 1486462 a multiple of 90?
False
Is 92612 a multiple of 20?
False
Is 869220 a multiple of 87?
False
Is 143949 a multiple of 24?
False
Is 87 a factor of 491010?
False
Does 27 divide 64875?
False
Is 6963930 a multiple of 45?
True
Does 142 divide 125130?
False
Is 474593 a multiple of 7?
True
Is 15 a factor of 2188068?
False
Is 402376 a multiple of 26?
True
Is 28 a factor of 1498084?
True
Does 936 divide 8391240?
True
Does 139 divide 159433?
True
Does 681 divide 1645080?
False
Does 294 divide 1294525?
False
Does 5 divide 18971?
False
Is 5616603 a multiple of 227?
False
Is 68872 a multiple of 28?
False
Does 13 divide 1074013?
False
Is 8 a factor of 943792?
True
Is 77496 a multiple of 286?
False
Is 2352 a multiple of 27?
False
Is 22 a factor of 579293?
False
Does 30 divide 16856?
False
Is 10 a factor of 4678190?
True
Is 2 a factor of 351?
False
Is 35 a factor of 4923695?
True
Does 58 divide 29522?
True
Does 439 divide 125115?
True
Is 114 a factor of 31045?
False
Is 51 a factor of 6579?
True
Is 9 a factor of 29622?
False
Is 675805 a multiple of 13?
True
Does 3 divide 26820?
True
Is 64683 a multiple of 134?
False
Is 129247 a multiple of 3?
False
Is 1544035 a multiple of 42?
False
Is 116965 a multiple of 63?
False
Is 394359 a multiple of 21?
True
Is 7257012 a multiple of 266?
True
Does 14 divide 193921?
False
Does 18 divide 3732390?
True
Is 108 a factor of 1419254?
False
Is 684156 a multiple of 284?
True
Does 299 divide 127972?
True
Is 81468 a multiple of 46?
False
Is 42 a factor of 543858?
True
Is 476 a factor of 2725100?
True
Does 10 divide 721530?
True
Does 67 divide 68608?
True
Is 12195215 a multiple of 21?
False
Is 1635792 a multiple of 53?
True
Is 6124940 a multiple of 351?
False
Does 223 divide 3909413?
True
Is 1239555 a multiple of 207?
False
Is 845400 a multiple of 60?
True
Does 493 divide 1879983?
False
Does 76 divide 43056?
False
Does 14 divide 59584?
True
Is 300390 a multiple of 186?
True
Is 32 a factor of 3314733?
False
Is 251829 a multiple of 27?
True
Is 286 a factor of 117832?
True
Is 116168 a multiple of 4?
True
Does 259 divide 200194?
False
Does 14 divide 373926?
True
Is 279478 a multiple of 430?
False
Does 20 divide 344220?
True
Is 3117339 a multiple of 56?
False
Is 9186513 a multiple of 23?
False
Does 465 divide 45505?
False
Does 337 divide 6008373?
True
Does 4 divide 1867?
False
Is 17 a factor of 189325?
False
Is 4 a factor of 119484?
True
Does 2081 divide 19014097?
True
Is 184340 a multiple of 29?
False
Does 6 divide 641085?
False
Is 916 a factor of 12960484?
True
Is 46 a factor of 723488?
True
Is 4169387 a multiple of 137?
False
Is 115119 a multiple of 9?
True
Is 12 a factor of 768805?
False
Is 44 a factor of 852280?
True
Does 33 divide 14025?
True
Is 789822 a multiple of 263?
False
Is 56889 a multiple of 147?
True
Does 32 divide 805792?
True
Is 3694322 a multiple of 38?
True
Is 3000261 a multiple of 45?
False
Does 71 divide 10224?
True
Is 56 a factor of 8376193?
False
Does 26 divide 2869048?
True
Does 85 divide 743920?
True
Is 15 a factor of 2415?
True
Is 211554 a multiple of 219?
True
Is 8 a factor of 1132800?
True
Does 9 divide 11682?
True
Is 134222 a multiple of 12?
False
Is 110838 a multiple of 49?
True
Is 1114084 a multiple of 1353?
False
Is 1553104 a multiple of 17?
False
Does 4 divide 362760?
True
Is 236918 a multiple of 178?
True
Is 18574032 a multiple of 32?
False
Is 9 a factor of 19719?
True
Is 12 a factor of 1348915?
False
Does 14 divide 4658486?
True
Does 267 divide 5877439?
False
Is 1375025 a multiple of 29?
False
Does 11 divide 283313?
False
Does 11 divide 6041497?
True
Is 340843 a multiple of 12?
False
Is 11 a factor of 252984?
False
Is 19722768 a multiple of 16?
True
Is 15570 a multiple of 90?
True
Is 13 a factor of 4508?
False
Is 117 a factor of 91260?
True
Does 615 divide 4121339?
False
Is 94339 a multiple of 64?
False
Is 47 a factor of 799430?
False
Is 7515585 a multiple of 135?
True
Is 242683 a multiple of 505?
False
Is 6 a factor of 143545?
False
Is 6689931 a multiple of 9?
False
Is 279 a factor of 1359846?
True
Is 1856630 a multiple of 926?
True
Does 462 divide 3567564?
True
Is 19 a factor of 61750?
True
Is 4 a factor of 433892?
True
Does 29 divide 595138?
True
Does 57 divide 174109?
False
Does 3 divide 33034?
False
Is 924274 a multiple of 38?
True
Is 1334001 a multiple of 141?
True
Is 2508518 a multiple of 170?
False
Is 18807 a multiple of 3?
True
Is 505989 a multiple of 99?
True
Does 245 divide 81976?
False
Does 209 divide 2799137?
True
Is 1419376 a multiple of 29?
True
Does 48 divide 17424?
True
Is 13 a factor of 1450748?
True
Does 382 divide 6651766?
True
Is 44022 a multiple of 9?
False
Is 113 a factor of 1099496?
False
Is 21738 a multiple of 6?
True
Is 76108 a multiple of 6?
False
Does 7 divide 5793676?
True
Does 43 divide 278425?
True
Is 63 a factor of 629622?
True
Is 4911121 a multiple of 4?
False
Is 1106622 a multiple of 9?
True
Is 73584 a multiple of 28?
True
Is 433 a factor of 72744?
True
Is 655587 a multiple of 3?
True
Does 20 divide 2673920?
True
Is 65 a factor of 384697?
False
Does 1445 divide 1981095?
True
Is 145665 a multiple of 249?
True
Is 77 a factor of 158774?
True
Is 20 a factor of 131139?
False
Is 270615 a multiple of 452?
False
Does 750 divide 2721000?
True
Does 14 divide 156282?
True
Does 60 divide 396420?
True
Is 165 a factor of 218623?
False
Is 241 a factor of 2661604?
True
Is 4521477 a multiple of 306?
False
Is 53461 a multiple of 193?
True
Is 102 a factor of 25373?
False
Is 892133 a multiple of 193?
False
Does 900 divide 1170900?
True
Is 174173 a multiple of 103?
True
Is 605267 a multiple of 16?
False
Is 86 a factor of 337894?
True
Is 1630141 a multiple of 157?
False
Is 8 a factor of 2184072?
True
Is 106782 a multiple of 26?
True
Is 5131192 a multiple of 4?
True
Is 891290 a multiple of 18?
False
Is 17 a factor of 181830?
False
Does 11 divide 1000692?
True
Is 2 a factor of 124?
True
Is 957 a factor of 7930659?
True
Does 73 divide 201626?
True
Is 21 a factor of 231404?
False
Is 13395 a multiple of 7?
False
Does 14 divide 423290?
True
Is 52 a factor of 106431?
False
Is 28 a factor of 803152?
True
Is 9 a factor of 163224?
True
Is 119664 a multiple of 6?
True
Is 686 a factor of 671954?
False
Does 776 divide 949824?
True
Is 99 a factor of 1347929?
False
Is 285 a factor of 126540?
True
Does 13 divide 747123?
True
Does 18 divide 915807?
False
Does 161 divide 238125?
False
Is 811512 a multiple of 442?
True
Is 571516 a multiple of 838?
True
Does 96 divide 4537003?
False
Is 1221 a multiple of 11?
True
Is 28 a factor of 102060?
True
Is 136462 a multiple of 31?
True
Is 340119 a multiple of 171?
True
Is 134905 a multiple of 64?
False
Is 26 a factor of 7693720?
False
Is 47795 a multiple of 121?
True
Is 30 a factor of 783518?
False
Is 235 a factor of 2714968?
False
Is 525 a factor of 2342025?
True
Is 547521 a multiple of 164?
False
Is 12595616 a multiple of 1936?
True
Is 121 a factor of 3056581?
True
Does 35 divide 65625?
True
Is 209 a factor of 156123?
True
Is 30914 a multiple of 29?
True
Is 1223 a factor of 2299240?
True
Does 18 divide 118080?
True
Is 57387 a multiple of 141?
True
Is 1083 a factor of 6107037?
True
Does 146 divide 44506?
False
Is 74819 a multiple of 9?
False
Is 2072 a factor of 12620737?
False
Does 22 divide 1330589?
False
Is 16252 a multiple of 11?
False
Is 1392066 a multiple of 78?
True
Is 10584 a multiple of 4?
True
Is 286975 a multiple of 11?
False
Does 11 divide 3263760?
False
Does 536 divide 3275496?
True
Does 101 divide 23465?
False
Is 305856 a multiple of 177?
True
Is 984468 a multiple of 48?
False
Is 132246 a multiple of 237?
True
Does 107 divide 344065?
False
Does 25 divide 78161?
False
Is 8 a factor of 109174?
